38?
136
Let j = 1270 - 1239. Let c = -64 + 181. Calculate the remainder when c is divided by j.
24
Suppose -29*f + 9*f = 14*f + 1020. Let v = 4 - -31. Let o = v + f. Calculate the remainder when 21 is divided by o.
1
Let q = 5 + 1. Let c(r) be the first derivative of r**3/3 + 17*r**2/2 + 93*r + 260. What is the remainder when c(-12) is divided by q?
3
Let f be (4/10)/((-1)/(-5)). Suppose 41 = 2*c - 5*x, 5*c - f*x - 29 = 63. Suppose 12*q - c*q = -120. Calculate the remainder when q is divided by 8.
4
Let d(i) = 21*i**2 - 19*i - 31. Suppose -2*z + 3*h + 12 = 0, -h - 4 = -z + h. What is the remainder when d(-2) is divided by z?
7
Suppose -54*n + 750 = 21*n. What is the remainder when 848 is divided by n?
8
Suppose -34 = -o - 2*g - 0*g, 2*o - 2*g = -16. Let w(x) = 2*x**2 + x. Suppose n = 6*n - 10. Calculate the remainder when w(n) is divided by o.
4
Calculate the remainder when (-11120)/(-12)*96/160 is divided by 9.
7
Suppose -3*q = 5*v - 33, 17 + 38 = 5*q - 2*v. Suppose -5*f + 174 = -q*f. Let o = f - -50. Calculate the remainder when o is divided by 8.
5
Let m(o) = 6*o + 54. Let r be m(-5). Suppose r*h - 1985 = 7351. Calculate the remainder when h is divided by 65.
64
Suppose 2*k + 5*f - 317 = -187, 0 = -2*k + 2*f + 116. What is the remainder when 357 is divided by k?
57
Suppose 0*s - 30 = -15*s. Suppose -3*f - 78 = -s*q, -5*q - 5*f = -91 - 79. What is the remainder when q is divided by 11?
3
Suppose 44*t - 39*t = 10. Let a(q) = 16*q**3 + 2*q**2 + 2*q + 5. Calculate the remainder when a(t) is divided by 50.
45
Suppose -17 = -5*f + 4*u, -f - 4*u + 0 = -13. Suppose f*o + 615 = 20*o. Calculate the remainder when 119 is divided by o.
37
Let d(i) = -15*i + 12*i**2 - 3*i**3 + 121 - i**2 - 18*i + 14*i**2 + 4*i**3. Calculate the remainder when d(-26) is divided by 17.
14
Calculate the remainder when (2139/6)/(9/36) + (-31 - -39) is divided by 19.
9
Let j(v) = -4*v**3 + 44*v**2 + 3*v. Calculate the remainder when -3 + (-1 - -58)*1 is divided by j(11).
21
Suppose -43*m - y - 328 = -44*m, 0 = -2*y - 10. Calculate the remainder when m is divided by 111.
101
Suppose 37*z - 81 = 10*z. Calculate the remainder when 6 is divided by z.
0
Suppose 103*g - c = 102*g + 272, 0 = -c + 7. Calculate the remainder when g is divided by 78.
45
Suppose -12 = -2*s + 40. Suppose 8*y + 8 = -2*g + 4*y, 4*y + s = g. Calculate the remainder when 12 is divided by -2*((-3)/g + -2).
2
Let i(x) = -x**3 + 10*x**2 - 4*x + 2. Let j be i(10). Let u = 75 + j. Let t(h) = -h**3 + 10*h**2 + 12*h + 2. Calculate the remainder when u is divided by t(11).
11
Suppose -2*w + 9 = 2*c + 7, -2*c - 8 = 0. Suppose -s - g + 2*g = -86, s + w*g - 98 = 0. What is the remainder when s is divided by 33?
22
Let o(h) = h + 10. Suppose -s - 2*w - 10 = -0*s, -4*w = 3*s + 24. Let q be ((-2)/s)/(13/(-156)). What is the remainder when 5 is divided by o(q)?
1
Suppose 57*f = -0*f + 3705. Let c(k) = 3*k**2 + 3*k. Let y = 9 + -11. Calculate the remainder when f is divided by c(y).
5
Suppose 7*s + 60 = 2*s. Let r = 92 + s. Let l = r - 46. Calculate the remainder when l is divided by 21.
13
Let u be (6/(-5))/(-7 + 96/15). Suppose 4*a + 2*o = 62, 3*a + u*o = o + 49. Calculate the remainder when 83 is divided by a.
11
What is the remainder when 669 is divided by (-284)/1988 - 192/(-21)?
3
Suppose 0 = 2*g - 3*n - 844, -52*n + 8 = -50*n. Calculate the remainder when g is divided by 143.
142
Let s = -8 - -20. Let z(p) = p**3 - 8*p**2 - p - 9. Let j be z(5). Let b = -74 - j. Calculate the remainder when b is divided by s.
3
Let c = 373 - 374. Let z = 0 - 4. Calculate the remainder when 93 is divided by (c - z)*(228/18 - 2).
29
Suppose 0 = -4*d - 4*x + 8188, 3*d - 8210 = 3*x - 2099. What is the remainder when d is divided by 146?
144
Suppose 97 = 5*m - 4*q, -3*m = -0*m + 2*q - 67. Suppose 9*b - 13*b = 2*f - 52, -2*b + f = -26. Calculate the remainder when m is divided by b.
8
Let r(p) = 38*p**2 - 7*p - 9. Let h be r(-1). Calculate the remainder when 397 is divided by (-898)/(-18) - -4*1/h.
47
Let h(g) = -139 - 6*g + 0*g**3 - g**3 + 7*g + 0*g. Let n be h(0). Let b = -90 - n. Calculate the remainder when b is divided by 13.
10
Let x be (10/(-3))/((-15)/(-270)). Let f = x + 90. What is the remainder when f is divided by 16?
14
Let g be -372 + (-5 - 1 - -3). Let a = g + 384. What is the remainder when (-4)/(-2*1) + 50 is divided by a?
7
Let z be 3428*(-18)/36*(-2)/4. Let d = -804 + z. Suppose 0*f + 5*f = 140. Calculate the remainder when d is divided by f.
25
Let z(q) = 10*q**3 + 2*q**2 - 6*q + 9. Let f = 555 + -494. What is the remainder when z(5) is divided by f?
59
Let y = 6477 - 6232. Calculate the remainder when y is divided by 147.
98
Suppose 26602 = 447*d - 49669 - 10894. Calculate the remainder when d is divided by 6.
3
Suppose -2*y + g = -15, 2*y - 20*g - 10 = -24*g. Calculate the remainder when 19 is divided by y.
5
Let g(y) = -y**3 + 14*y**2 + 10*y + 1. Let r be g(7). Suppose 0 = -66*b + 57*b + r. Calculate the remainder when b is divided by 13.
7
Let k = 176 - 111. Suppose 0 = 6*x - k - 31. Calculate the remainder when 43 is divided by x.
11
Suppose 100*q + 7887 = 13406 + 21181. Calculate the remainder when q is divided by 54.
51
Suppose 0 = -366*g + 436*g - 92400. What is the remainder when g is divided by 78?
72
Let x = 10231 + -8598. What is the remainder when x is divided by 5?
3
Suppose -2 = -r, 65*r = 3*a + 70*r - 13699. Calculate the remainder when a is divided by 55.
53
Let t = -11 + 15. Suppose t*g = 3*g + 21. What is the remainder when (-144)/324 - ((-715)/9 + -1) is divided by g?
17
Let d(q) = q**3 + 3*q**2 - 13*q - 3. Let w(g) = 23*g - 10. Let a be w(-7). Let m be (-4)/(-22) - a/(-33). Calculate the remainder when 23 is divided by d(m).
11
Let z(q) = 6*q**2 - 17*q. Let m be z(3). Let v be (-61)/183 + (65/m)/(-1). Let c = -19 - v. What is the remainder when 4 is divided by c?
1
Suppose 3*z + 4*z - 231 = 0. Suppose -z = -3*v + 27. What is the remainder when 56 is divided by v?
16
Let v(z) = -z**3 + 4*z**2 + 3*z. Let s be (0 + 26)*6/(11 - 5). Suppose 9 = 7*r - s. What is the remainder when v(-3) is divided by r?
4
Let i = 22694 + -22498. Calculate the remainder when 694 is divided by i.
106
Let u = 19675 - 18886. What is the remainder when u is divided by 19?
10
Suppose -3*t - 5*f + 64 = 0, 23*f - 5 = 28*f. Calculate the remainder when 297 is divided by t.
21
Suppose 0 = -58*u + 148925 + 36733. What is the remainder when u is divided by 6?
3
Let i(g) = -g**3 + 24*g**2 - 42*g - 44. Let w be i(22). Suppose w = 3*z - 556 - 146. Calculate the remainder when z is divided by 76.
6
Let w(d) = d**3 + 15*d**2 + 16*d - 284. Calculate the remainder when 78 is divided by w(-10).
22
Suppose -10*c = -8*c - y - 86, 3*c = 4*y + 119. Let k = 110 - c. What is the remainder when k is divided by 17?
14
Let b(m) = -m**3 + m**2 - 1. Let r be b(2). What is the remainder when 46 is divided by (-2 - r - (1 - -1))*7?
4
Suppose -2*l - 9 = -19*l + 280. Let g(z) = z**2 + z - 2. Let b be g(2). Suppose -b*p + 34 = -78. What is the remainder when p is divided by l?
11
Let q = 1987 - 1678. What is the remainder when q is divided by 300?
9
Suppose 19*f - 11963 = 22*f - 10*f. Calculate the remainder when f is divided by 45.
44
Let l(u) = -u**3 - 19*u**2 - 33*u + 4. Let c be l(-17). Calculate the remainder when 58 is divided by (-2 + c)*(-24)/36.
8
Suppose 40*t + 14*t - 5185 = -7*t. Calculate the remainder when 421 is divided by t.
81
Suppose 0 = 5*p - 60 + 10. Suppose -4*g + 3*g + 136 = 3*f, -28 = -4*g. What is the remainder when f is divided by p?
3
Let o = 10 + -6. Let q = 209 - 122. Suppose -q*y + 85*y = -36. Calculate the remainder when y is divided by o.
2
Let v(o) = 2*o - 4. Suppose 0 = k - 2*k + 2*i - 3, -3*k - 3*i + 27 = 0. Let c be v(k). Calculate the remainder when 47 is divided by 2*-2 - (-72)/c.
7
Let o(a) = 2*a**3 + 35*a**2 - 425*a - 37. What is the remainder when o(10) is divided by 81?
79
What is the remainder when ((-15)/(150/(-28)))/(5/325) is divided by 43?
10
Suppose 64*n - 85 = 59*n. Suppose 0 = -4*t - 4*x + 64, 3*t - 71 = 5*x + n. What is the remainder when 76 is divided by t?
13
Suppose -26*d + 8460 = -8*d. Calculate the remainder when -4 - (d/(-15) - 1/(-3)) is divided by 18.
9
Suppose 72*y = 2*y - 5241 + 16791. Calcula